Is (-664020)/(-300) + (2/(-15))/(8/24) composite?
False
Suppose 927 = 10*x - 3033. Let j = x - -161. Suppose -3*y + o + 0*o = -j, -y - o = -191. Is y composite?
True
Let b(y) = 7*y + 82. Let j be ((-6)/(-3))/(-2 + 1) - -4. Suppose 0 = -3*g - j*d + 67, 4*g - g - 63 = -3*d. Is b(g) composite?
False
Let f = -78 - -98. Let r(x) = 21*x**2 - 15*x**2 - 5*x + 13*x**2 - x**3 - f. Is r(17) composite?
True
Let y(n) = -153*n + 38. Suppose 3*l + k + 3*k = 217, 0 = -l - k + 73. Suppose l = -6*u + u. Is y(u) a prime number?
True
Let d(u) be the first derivative of 5*u - 32*u**2 - 19 - 22 - 3*u**2. Is d(-2) prime?
False
Let h = 349919 + -75010. Is h a prime number?
True
Let m(d) = -105*d**2 + 109*d**2 + 1 + 476*d**2 + 2*d + 0. Let n(w) = -w**3 + w**2 - 2*w + 1. Let b be n(1). Is m(b) prime?
True
Suppose 7*m = -p + 17691, -9*p + 52993 = -6*p + m. Is p a composite number?
True
Suppose 3*k - 2*g + 6*g + 2 = 0, 22 = 2*k - 2*g. Suppose k*x = -3931 - 3221. Let w = -111 - x. Is w a prime number?
False
Let q(h) = h**2 + 1245*h + 399043. Is q(0) prime?
True
Let r be 3/(-5) - (-65)/25. Suppose r*h - 6*h + 6152 = 3*n, 3*h + 5*n = 4625. Is h prime?
False
Let h(m) = m**3 + 20*m**2 + 29*m + 119. Let d(c) = 3*c**2 + 31*c + 40. Let j be d(-8). Is h(j) a composite number?
True
Let c = 365 + -802. Let n = c - -3848. Suppose -8*u + n = u. Is u prime?
True
Let s(b) = -899*b**2 + 2*b + 4. Let r be s(3). Let p = r + 12552. Is p composite?
True
Let r be (10/(-4))/(5319009/(-759852) + 7). Suppose 52771 = 5*d - 3*i, 4*d - 3*i + 2*i = r. Is d composite?
True
Let f(d) = 303*d**2 + 26*d - 68. Is f(-7) prime?
False
Let u be (15/2)/(12/8). Suppose 2*a - 5*p + 19 = 0, -a + u*p = 14 + 8. Suppose 0 = a*q - 672 - 495. Is q composite?
False
Suppose -70264834 = -119*s - 18*s. Is s composite?
True
Is ((-12)/2)/(356/(-6488278)) composite?
True
Is (5 - 12 - 3)*((-34213)/2 - -1) prime?
False
Let q = 2556 - 1973. Is q a composite number?
True
Is 384946 - -8*(-35)/(-40) composite?
True
Let y(d) = -4*d**2 + 3*d + 6. Let p be y(5). Let m(g) = 3*g**3 + 9*g**2 - 62*g - 4. Let k be m(-6). Let o = k - p. Is o a prime number?
False
Let z(o) = -300*o**3 - 46*o + 13. Is z(-6) composite?
False
Suppose s = 4*t - 83346 - 149728, 233092 = 4*t - 4*s. Is t a prime number?
False
Let t = 520 - 513. Let y(o) = 22*o**3 - 17*o**2 + 2*o + 6. Is y(t) a composite number?
False
Let i(g) = 4*g + 12. Let j be i(0). Let c(m) = 3*m - j + 73 + 22 - m**2 - m. Is c(0) composite?
False
Let b = -297 - -696. Suppose f - b = 974. Is f composite?
False
Let b(c) = -1997*c + 238. Let k be b(-11). Suppose 10*o - k = 5*o. Is o a composite number?
False
Let m(n) = -2*n**3 + 60*n**2 - 3*n - 37. Let d = -133 - -157. Is m(d) prime?
True
Let c be 1/7*-2 - 70116/(-14). Let v = -1671 + c. Is v composite?
True
Suppose -4*z - u + 173138 = 0, 0 = 3*z + 3*u + 49425 - 179274. Suppose z = 4*i + i. Is i a prime number?
False
Let o = 2478548 - 688245. Is o a prime number?
True
Let s(r) = -13*r + 14. Let q(y) = y - 1. Let k(a) = -4*q(a) - s(a). Let o be k(3). Suppose o*h = 12*h + 7355. Is h a prime number?
True
Let x(o) = 56*o**2 - 30*o + 6. Let m(l) = 19*l**2 - 10*l + 2. Let k(i) = -11*m(i) + 4*x(i). Let r be k(-7). Let c = r - 418. Is c composite?
False
Is 2*(-15)/(330/(-330319)) composite?
False
Suppose -5*f = -4*u + 159504, -14727 = u + 4*f - 54582. Is u composite?
True
Suppose 32*j + 30*j = 1226657 + 18482709. Is j composite?
True
Suppose o - 11 = -5. Suppose 10*l = 5*l + c + 11662, 2*c = o. Is l composite?
False
Let u be ((-9)/(-12))/(1/(-3904)). Suppose 9*x - 7*x = -9274. Let i = u - x. Is i a prime number?
True
Suppose -12*w + 611 = -1. Let l = -38 + w. Suppose 10*h + 5847 = l*h. Is h prime?
True
Let s(f) = 1731*f**2 - 52*f + 791. Is s(18) prime?
False
Let x(r) = -1524*r + 942827. Is x(0) a prime number?
True
Suppose 9*h - 33*h + 21205205 = -5679859. Is h a composite number?
False
Let r be (8 - 4373)/((-2)/(-2)). Let c = -316 - r. Is c prime?
True
Let t(i) = 3*i + 22. Let f be t(-14). Let n(c) be the second derivative of -5*c**3/3 - 9*c**2/2 - 10*c. Is n(f) prime?
True
Let r(a) = 2*a**2 + 19*a + 13. Let l be r(-7). Is (l/(-3))/(2/669) composite?
True
Let m(k) = 64*k**2 - 492*k - 114. Let d(s) = -13*s**2 + 98*s + 23. Let x(b) = -11*d(b) - 2*m(b). Is x(28) prime?
True
Suppose -2*k + 167 = 31. Let h(u) = 47 + 49*u - 49*u - k*u - 59*u. Is h(-6) prime?
True
Let u(b) = -3*b**3 - 3*b**2 - 4*b + 3. Let f(v) = -v**3 + v**2 - v. Let y(m) = 2*f(m) - u(m). Let g be y(-4). Is 1897/g + 2/(-5) composite?
False
Suppose 3 + 13 = -4*l, 4*l - 3054 = 5*p. Let f = 1960 + p. Is f composite?
True
Suppose 0 = -r - 5*q + 7, 3*q + 13 = 4*r + 8*q. Suppose -o = r*o + 5*s - 9229, 9209 = 3*o - 5*s. Is o a prime number?
False
Let f = 1742 - 2715. Let y = 676 - f. Is y composite?
True
Suppose -8 = -2*u - 5*c, -2*u + 6*u - 4*c - 44 = 0. Suppose -p + u - 3 = 0. Is (p/(-18))/((-2)/8166) prime?
True
Suppose -7273 = -3*z - k, 3*z = 4*k + 3566 + 3732. Is z composite?
True
Suppose 0 = 4*d - 13738 - 341146. Is d prime?
True
Let q = 3937 + 234020. Is q a composite number?
True
Let g(f) = 1521*f + 1. Let t = 125 + -128. Let i(d) = 1520*d - 1. Let j(v) = t*i(v) + 4*g(v). Is j(3) a prime number?
False
Suppose 51*d - 611809 = -3*y + 46*d, -2*y + 407814 = -4*d. Is y composite?
True
Let k(y) = 163408*y**2 - 80*y + 75. Is k(1) prime?
True
Let d = 3144 - -4411. Is d a composite number?
True
Let u be (-41133)/(8 + -4 - 5). Suppose 0 = 11*a - 509348 + u. Is a a composite number?
True
Let k be 1/((-2)/4)*1. Let w(s) = -2*s - 4. Let h be w(k). Suppose h = -7*o + 33747 + 224. Is o a composite number?
True
Let t(r) = -24*r - 7. Let s be t(-2). Let u = -32 + s. Is 4363/u + (-5)/((-180)/8) a prime number?
False
Suppose -2*h = 2, 2*w - h = 81024 + 23003. Is w a composite number?
True
Is (-540)/360 - (0 + (-2998923)/6) prime?
True
Suppose -11175659 = 185*f - 77633394. Is f a prime number?
True
Is (-7)/4 - (-27)/(-108) - -9 - -1485942 prime?
False
Let t(i) = i**2 - i - 4. Let g be t(-3). Let w(j) be the second derivative of j**4/4 - 4*j**3/3 - 3*j**2 - 267*j. Is w(g) prime?
False
Is (4/5 - 1)/(89/(-4477145)) a prime number?
True
Suppose 5*b - 728322 = -16*q + 12*q, -4*b = 4*q - 728324. Is q prime?
False
Let p = 111638 + -61855. Is p composite?
False
Suppose -c - 2*b = -760577 - 701718, -3*c + 5*b + 4386984 = 0. Is c prime?
True
Let r(x) be the second derivative of 13*x**4/12 + 3*x**3/2 + 11*x**2/2 + 6*x. Suppose -7*f = -16 - 26. Is r(f) a composite number?
True
Let w = 126595 - 60356. Is w composite?
False
Suppose -6*h + 31 - 115 = 0. Let v be (-7945)/h + (-1)/(-2). Suppose -3373 = -7*p + v. Is p a composite number?
False
Suppose -132*z + 1484 = -128*z. Suppose 15*i - z - 3574 = 0. Is i a prime number?
True
Let b be (55/66)/1 - (-1)/6. Let u(v) = 3647*v**3 + v**2 - 1. Is u(b) a prime number?
False
Suppose 5*h + 438 = -n - 1836, 4*n + h + 9096 = 0. Let f = -1301 - n. Is f a composite number?
True
Suppose 4444746 = 87*r - 2234331. Is r prime?
True
Let d(k) = 18993*k - 5917. Is d(6) a composite number?
False
Let v = 159 - 146. Let s(k) = 2*k**3 - 13*k**2 - 33*k + 9. Is s(v) a prime number?
True
Let r(s) = 22383*s + 3025. Is r(6) prime?
False
Let k(q) = 113277*q**2 + 2. Is k(-1) composite?
False
Let o = -89 - -92. Suppose 4*c - 8*y = -o*y + 36128, -3*y - 27093 = -3*c. Suppose 0 = -3*i - 4*p + 4243, -5*i + c - 1970 = 3*p. Is i composite?
False
Suppose -12*q = 11*q + 53199. Let k = 1328 - q. Is k composite?
True
Let z = 569041 - 348540. Is z a prime number?
False
Suppose 2*s + 5*o = 44840 + 130248, 175100 = 2*s + 2*o. Is s a prime number?
False
Let h(i) = -449*i**2 + 3*i + 3. Let g be h(4). Let x = -4108 - g. Is x a composite number?
False
Let m = -481665 + 796724. Is m a composite number?
False
Let r = -2351 - -5554. Suppose -86*a + 81*a = 0, -a + r = i. Is i composite?
False
Let w(k) = 1174*k**2 + 4*k + 11. Let o(y) = -y**2 - 13*y - 42. Let c be o(-8). Is w(c) a composite number?
True
Suppose 0*v = -3*m - 4*v - 10345, -17250 = 5*m + 5*v. Let x = 4898 - m. Is x a prime number?
True
Let a(h) = 2819*h + 464. Let w be a(-10). Is 66/99*(0 + w/(-4)) prime?
True
Let w be 47/3 - 7/(-21). Suppose 2*c = 10*c - w. Suppose -c*q + 101 = 3*o, o - 6*o + 15 = 0. Is q a prime number?
False
Suppose -5*l = -5*v - 10, -4*v +